{"id":329,"date":"2025-10-15T09:33:09","date_gmt":"2025-10-15T09:33:09","guid":{"rendered":"https:\/\/spazioceramichesassuolo.it\/suuk\/?page_id=329"},"modified":"2025-10-15T11:34:50","modified_gmt":"2025-10-15T11:34:50","slug":"corsi-guide-lezioni-islam","status":"publish","type":"page","link":"https:\/\/spazioceramichesassuolo.it\/suuk\/corsi-guide-lezioni-islam\/","title":{"rendered":"Suuk Academy"},"content":{"rendered":"\t\t<div data-elementor-type=\"wp-page\" data-elementor-id=\"329\" class=\"elementor elementor-329\">\n\t\t\t\t\t\t<section class=\"elementor-section elementor-top-section elementor-element elementor-element-11403c8f elementor-section-height-min-height elementor-section-content-middle elementor-section-full_width elementor-section-height-default elementor-section-items-middle\" data-id=\"11403c8f\" data-element_type=\"section\" data-e-type=\"section\" data-settings=\"{&quot;background_background&quot;:&quot;classic&quot;}\">\n\t\t\t\t\t\t\t<div class=\"elementor-background-overlay\"><\/div>\n\t\t\t\t\t\t\t<div class=\"elementor-container elementor-column-gap-no\">\n\t\t\t\t\t<div class=\"elementor-column elementor-col-100 elementor-top-column elementor-element elementor-element-8b17bb8\" data-id=\"8b17bb8\" data-element_type=\"column\" data-e-type=\"column\">\n\t\t\t<div class=\"elementor-widget-wrap elementor-element-populated\">\n\t\t\t\t\t\t<div class=\"elementor-element elementor-element-5c136715 elementor-widget elementor-widget-heading\" data-id=\"5c136715\" data-element_type=\"widget\" data-e-type=\"widget\" data-widget_type=\"heading.default\">\n\t\t\t\t\t<h2 class=\"elementor-heading-title elementor-size-default\"><b>Suuk <\/b><i>Academy<\/i><\/h2>\t\t\t\t<\/div>\n\t\t\t\t<div class=\"elementor-element elementor-element-75c2d901 elementor-widget elementor-widget-heading\" data-id=\"75c2d901\" data-element_type=\"widget\" data-e-type=\"widget\" data-widget_type=\"heading.default\">\n\t\t\t\t\t<h2 class=\"elementor-heading-title elementor-size-default\">Il tuo futuro comincia da qui!<\/h2>\t\t\t\t<\/div>\n\t\t\t\t\t<\/div>\n\t\t<\/div>\n\t\t\t\t\t<\/div>\n\t\t<\/section>\n\t\t\t\t<section class=\"elementor-section elementor-top-section elementor-element elementor-element-4e065533 elementor-section-boxed elementor-section-height-default elementor-section-height-default\" data-id=\"4e065533\" data-element_type=\"section\" data-e-type=\"section\" data-settings=\"{&quot;background_background&quot;:&quot;classic&quot;}\">\n\t\t\t\t\t\t\t<div class=\"elementor-background-overlay\"><\/div>\n\t\t\t\t\t\t\t<div class=\"elementor-container elementor-column-gap-default\">\n\t\t\t\t\t<div class=\"elementor-column elementor-col-100 elementor-top-column elementor-element elementor-element-7903cd51\" data-id=\"7903cd51\" data-element_type=\"column\" data-e-type=\"column\">\n\t\t\t<div class=\"elementor-widget-wrap elementor-element-populated\">\n\t\t\t\t\t\t<div class=\"elementor-element elementor-element-21d9e6c elementor-widget elementor-widget-heading\" data-id=\"21d9e6c\" data-element_type=\"widget\" data-e-type=\"widget\" data-widget_type=\"heading.default\">\n\t\t\t\t\t<h2 class=\"elementor-heading-title elementor-size-default\">Benvenuti in Suuk Academy: Un Ponte tra Radici e Futuro in Italia<\/h2>\t\t\t\t<\/div>\n\t\t\t\t<div class=\"elementor-element elementor-element-828275d elementor-widget elementor-widget-heading\" data-id=\"828275d\" data-element_type=\"widget\" data-e-type=\"widget\" data-widget_type=\"heading.default\">\n\t\t\t\t\t<p class=\"elementor-heading-title elementor-size-default\"><p><b>Suuk Academy<\/b> \u00e8 pi\u00f9 di una semplice piattaforma di apprendimento. \u00c8 un punto di riferimento formativo e culturale pensato specificamente per la <b>comunit\u00e0 arabo\/musulmana residente in Italia<\/b>, un luogo dove le nostre radici incontrano le opportunit\u00e0 di domani.<\/p><p>Che tu sia un genitore che desidera trasmettere i valori e la lingua ai propri figli, un giovane che cerca la sua strada professionale, o un adulto che vuole aggiornare le proprie competenze, <b>Suuk Academy ha il percorso giusto per te<\/b>.<\/p><p>La nostra missione \u00e8 rafforzare la tua identit\u00e0 e potenziarti con le <b>competenze pratiche<\/b> necessarie per avere successo, prosperare e contribuire alla societ\u00e0 italiana, mantenendo vivo il legame con la nostra cultura.<span style=\"font-size: 23px\"><\/span><\/p><\/p>\t\t\t\t<\/div>\n\t\t\t\t<section class=\"elementor-section elementor-inner-section elementor-element elementor-element-c3a1c8b elementor-section-height-min-height elementor-section-boxed elementor-section-height-default\" data-id=\"c3a1c8b\" data-element_type=\"section\" data-e-type=\"section\">\n\t\t\t\t\t\t<div class=\"elementor-container elementor-column-gap-no\">\n\t\t\t\t\t<div class=\"elementor-column elementor-col-50 elementor-inner-column elementor-element elementor-element-5a56c9a animated-slow elementor-invisible\" data-id=\"5a56c9a\" data-element_type=\"column\" data-e-type=\"column\" data-settings=\"{&quot;background_background&quot;:&quot;classic&quot;,&quot;animation&quot;:&quot;zoomIn&quot;}\" data-mylisting-link-to=\"{&quot;url&quot;:&quot;https:\\\/\\\/spazioceramichesassuolo.it\\\/suuk\\\/explore\\\/?type=place&amp;sort=top-rated&quot;,&quot;is_external&quot;:&quot;&quot;,&quot;nofollow&quot;:&quot;&quot;,&quot;custom_attributes&quot;:&quot;&quot;}\">\n\t\t\t<div class=\"elementor-widget-wrap elementor-element-populated\">\n\t\t\t\t\t<div class=\"elementor-background-overlay\"><\/div>\n\t\t\t\t\t\t<div class=\"elementor-element elementor-element-58e41e71 elementor-widget elementor-widget-heading\" data-id=\"58e41e71\" data-element_type=\"widget\" data-e-type=\"widget\" data-widget_type=\"heading.default\">\n\t\t\t\t\t<h2 class=\"elementor-heading-title elementor-size-default\">RADICI ED IDENTITA'<br>(Corsi Culturali e Religiosi)<\/h2>\t\t\t\t<\/div>\n\t\t\t\t<div class=\"elementor-element elementor-element-b021cdc elementor-widget elementor-widget-text-editor\" data-id=\"b021cdc\" data-element_type=\"widget\" data-e-type=\"widget\" data-widget_type=\"text-editor.default\">\n\t\t\t\t\t\t\t\t\t<ul><li><span style=\"color: #ffffff;\">Lingua Araba Classica e Moderna: Corsi per bambini, ragazzi e adulti, dal livello principiante all&#8217;avanzato.<\/span><\/li><li>Studi Islamici (Tafsir, Fiqh, Hadith): Comprensione approfondita dei testi sacri e della dottrina, in un contesto moderno.<\/li><li>Educazione Etica e Valoriale: Percorsi per i giovani sulla morale islamica e i valori universali.<\/li><li>Cultura e Storia: Approfondimenti sulla ricca storia e cultura dei paesi arabi e del mondo musulmano.<\/li><\/ul>\t\t\t\t\t\t\t\t<\/div>\n\t\t\t\t<div class=\"elementor-element elementor-element-1220c7a elementor-align-center elementor-widget elementor-widget-button\" data-id=\"1220c7a\" data-element_type=\"widget\" data-e-type=\"widget\" data-widget_type=\"button.default\">\n\t\t\t\t\t\t\t\t\t\t<a class=\"elementor-button elementor-button-link elementor-size-sm\" href=\"#\">\n\t\t\t\t\t\t<span class=\"elementor-button-content-wrapper\">\n\t\t\t\t\t\t<span class=\"elementor-button-icon\">\n\t\t\t\t<svg aria-hidden=\"true\" class=\"e-font-icon-svg e-far-arrow-alt-circle-right\" viewBox=\"0 0 512 512\" xmlns=\"http:\/\/www.w3.org\/2000\/svg\"><path d=\"M504 256C504 119 393 8 256 8S8 119 8 256s111 248 248 248 248-111 248-248zm-448 0c0-110.5 89.5-200 200-200s200 89.5 200 200-89.5 200-200 200S56 366.5 56 256zm72 20v-40c0-6.6 5.4-12 12-12h116v-67c0-10.7 12.9-16 20.5-8.5l99 99c4.7 4.7 4.7 12.3 0 17l-99 99c-7.6 7.6-20.5 2.2-20.5-8.5v-67H140c-6.6 0-12-5.4-12-12z\"><\/path><\/svg>\t\t\t<\/span>\n\t\t\t\t\t\t\t\t\t<span class=\"elementor-button-text\">Esplora i corsi<\/span>\n\t\t\t\t\t<\/span>\n\t\t\t\t\t<\/a>\n\t\t\t\t\t\t\t\t<\/div>\n\t\t\t\t\t<\/div>\n\t\t<\/div>\n\t\t\t\t<div class=\"elementor-column elementor-col-50 elementor-inner-column elementor-element elementor-element-0532672 animated-slow elementor-invisible\" data-id=\"0532672\" data-element_type=\"column\" data-e-type=\"column\" data-settings=\"{&quot;background_background&quot;:&quot;classic&quot;,&quot;animation&quot;:&quot;zoomIn&quot;}\" data-mylisting-link-to=\"{&quot;url&quot;:&quot;https:\\\/\\\/spazioceramichesassuolo.it\\\/suuk\\\/explore\\\/?type=place&amp;sort=top-rated&quot;,&quot;is_external&quot;:&quot;&quot;,&quot;nofollow&quot;:&quot;&quot;,&quot;custom_attributes&quot;:&quot;&quot;}\">\n\t\t\t<div class=\"elementor-widget-wrap elementor-element-populated\">\n\t\t\t\t\t<div class=\"elementor-background-overlay\"><\/div>\n\t\t\t\t\t\t<div class=\"elementor-element elementor-element-5a4f159 elementor-widget elementor-widget-heading\" data-id=\"5a4f159\" data-element_type=\"widget\" data-e-type=\"widget\" data-widget_type=\"heading.default\">\n\t\t\t\t\t<h2 class=\"elementor-heading-title elementor-size-default\">FORMAZIONE PROFESSIONALE  E INTEGRAZIONE<\/h2>\t\t\t\t<\/div>\n\t\t\t\t<div class=\"elementor-element elementor-element-2ba224e elementor-widget elementor-widget-text-editor\" data-id=\"2ba224e\" data-element_type=\"widget\" data-e-type=\"widget\" data-widget_type=\"text-editor.default\">\n\t\t\t\t\t\t\t\t\t<ul><li><b>Italiano per il Lavoro e la Cittadinanza:<\/b> Corsi focalizzati sulla terminologia specifica e sulla comunicazione istituzionale e professionale.<\/li><li><b style=\"color: inherit; font-family: inherit; font-size: inherit;\">Competenze Digitali Essenziali:<\/b><span style=\"color: inherit; font-family: inherit; font-size: inherit; font-weight: inherit;\"> Dalle basi del computer all&#8217;uso avanzato di software per l&#8217;ufficio (Microsoft\/Google Suite).<\/span><\/li><li><b>Imprenditoria e Lavoro Autonomo:<\/b> Guida pratica su come avviare un&#8217;attivit\u00e0 in Italia, dalla burocrazia al marketing digitale.<\/li><li><b>Soft Skills e Leadership:<\/b> Sviluppo di capacit\u00e0 comunicative, negoziazione e gestione dei conflitti per eccellere in un ambiente multiculturale.<\/li><\/ul>\t\t\t\t\t\t\t\t<\/div>\n\t\t\t\t<div class=\"elementor-element elementor-element-9ddb3c3 elementor-align-center elementor-widget elementor-widget-button\" data-id=\"9ddb3c3\" data-element_type=\"widget\" data-e-type=\"widget\" data-widget_type=\"button.default\">\n\t\t\t\t\t\t\t\t\t\t<a class=\"elementor-button elementor-button-link elementor-size-sm\" href=\"#\">\n\t\t\t\t\t\t<span class=\"elementor-button-content-wrapper\">\n\t\t\t\t\t\t<span class=\"elementor-button-icon\">\n\t\t\t\t<svg aria-hidden=\"true\" class=\"e-font-icon-svg e-far-arrow-alt-circle-right\" viewBox=\"0 0 512 512\" xmlns=\"http:\/\/www.w3.org\/2000\/svg\"><path d=\"M504 256C504 119 393 8 256 8S8 119 8 256s111 248 248 248 248-111 248-248zm-448 0c0-110.5 89.5-200 200-200s200 89.5 200 200-89.5 200-200 200S56 366.5 56 256zm72 20v-40c0-6.6 5.4-12 12-12h116v-67c0-10.7 12.9-16 20.5-8.5l99 99c4.7 4.7 4.7 12.3 0 17l-99 99c-7.6 7.6-20.5 2.2-20.5-8.5v-67H140c-6.6 0-12-5.4-12-12z\"><\/path><\/svg>\t\t\t<\/span>\n\t\t\t\t\t\t\t\t\t<span class=\"elementor-button-text\">Esplora i corsi<\/span>\n\t\t\t\t\t<\/span>\n\t\t\t\t\t<\/a>\n\t\t\t\t\t\t\t\t<\/div>\n\t\t\t\t\t<\/div>\n\t\t<\/div>\n\t\t\t\t\t<\/div>\n\t\t<\/section>\n\t\t\t\t<section class=\"elementor-section elementor-inner-section elementor-element elementor-element-422311a5 elementor-section-height-min-height elementor-section-boxed elementor-section-height-default\" data-id=\"422311a5\" data-element_type=\"section\" data-e-type=\"section\">\n\t\t\t\t\t\t<div class=\"elementor-container elementor-column-gap-no\">\n\t\t\t\t\t<div class=\"elementor-column elementor-col-100 elementor-inner-column elementor-element elementor-element-8c49826 animated-slow elementor-invisible\" data-id=\"8c49826\" data-element_type=\"column\" data-e-type=\"column\" data-settings=\"{&quot;background_background&quot;:&quot;classic&quot;,&quot;animation&quot;:&quot;zoomIn&quot;}\" data-mylisting-link-to=\"{&quot;url&quot;:&quot;https:\\\/\\\/spazioceramichesassuolo.it\\\/suuk\\\/explore\\\/?type=place&amp;sort=top-rated&quot;,&quot;is_external&quot;:&quot;&quot;,&quot;nofollow&quot;:&quot;&quot;,&quot;custom_attributes&quot;:&quot;&quot;}\">\n\t\t\t<div class=\"elementor-widget-wrap elementor-element-populated\">\n\t\t\t\t\t<div class=\"elementor-background-overlay\"><\/div>\n\t\t\t\t\t\t<div class=\"elementor-element elementor-element-5dc17ec elementor-widget elementor-widget-heading\" data-id=\"5dc17ec\" data-element_type=\"widget\" data-e-type=\"widget\" data-widget_type=\"heading.default\">\n\t\t\t\t\t<h2 class=\"elementor-heading-title elementor-size-default\">SVILUPPO E INNOVAZIONE (Corsi Avanzati)<\/h2>\t\t\t\t<\/div>\n\t\t\t\t<div class=\"elementor-element elementor-element-f8aeea5 elementor-widget elementor-widget-text-editor\" data-id=\"f8aeea5\" data-element_type=\"widget\" data-e-type=\"widget\" data-widget_type=\"text-editor.default\">\n\t\t\t\t\t\t\t\t\t<ul><li><b>Tecnologia e Coding per Ragazzi:<\/b> Avvicinamento ludico alla programmazione e al pensiero computazionale.<\/li><li><b>Digital Marketing Strategico (Halal-Focused):<\/b> Promozione online etica e mirata, rispettosa dei valori culturali.<\/li><li><b>Data Analysis e Web Design:<\/b> Competenze richieste nei settori pi\u00f9 dinamici del mercato italiano.<\/li><\/ul>\t\t\t\t\t\t\t\t<\/div>\n\t\t\t\t<div class=\"elementor-element elementor-element-a5f0640 elementor-align-center elementor-widget elementor-widget-button\" data-id=\"a5f0640\" data-element_type=\"widget\" data-e-type=\"widget\" data-widget_type=\"button.default\">\n\t\t\t\t\t\t\t\t\t\t<a class=\"elementor-button elementor-button-link elementor-size-sm\" href=\"#\">\n\t\t\t\t\t\t<span class=\"elementor-button-content-wrapper\">\n\t\t\t\t\t\t<span class=\"elementor-button-icon\">\n\t\t\t\t<svg aria-hidden=\"true\" class=\"e-font-icon-svg e-far-arrow-alt-circle-right\" viewBox=\"0 0 512 512\" xmlns=\"http:\/\/www.w3.org\/2000\/svg\"><path d=\"M504 256C504 119 393 8 256 8S8 119 8 256s111 248 248 248 248-111 248-248zm-448 0c0-110.5 89.5-200 200-200s200 89.5 200 200-89.5 200-200 200S56 366.5 56 256zm72 20v-40c0-6.6 5.4-12 12-12h116v-67c0-10.7 12.9-16 20.5-8.5l99 99c4.7 4.7 4.7 12.3 0 17l-99 99c-7.6 7.6-20.5 2.2-20.5-8.5v-67H140c-6.6 0-12-5.4-12-12z\"><\/path><\/svg>\t\t\t<\/span>\n\t\t\t\t\t\t\t\t\t<span class=\"elementor-button-text\">Esplora i corsi<\/span>\n\t\t\t\t\t<\/span>\n\t\t\t\t\t<\/a>\n\t\t\t\t\t\t\t\t<\/div>\n\t\t\t\t\t<\/div>\n\t\t<\/div>\n\t\t\t\t\t<\/div>\n\t\t<\/section>\n\t\t\t\t\t<\/div>\n\t\t<\/div>\n\t\t\t\t\t<\/div>\n\t\t<\/section>\n\t\t<div class=\"elementor-element elementor-element-b64d2d2 e-flex e-con-boxed e-con e-parent\" data-id=\"b64d2d2\" data-element_type=\"container\" data-e-type=\"container\">\n\t\t\t\t\t<div class=\"e-con-inner\">\n\t\t<div class=\"elementor-element elementor-element-e85a075 e-con-full e-flex e-con e-child\" data-id=\"e85a075\" data-element_type=\"container\" data-e-type=\"container\">\n\t\t\t\t<div class=\"elementor-element elementor-element-1c97d99 elementor-widget elementor-widget-heading\" data-id=\"1c97d99\" data-element_type=\"widget\" data-e-type=\"widget\" data-widget_type=\"heading.default\">\n\t\t\t\t\t<h2 class=\"elementor-heading-title elementor-size-default\">Perch\u00e9 Suuk Academy \u00e8 la Tua Scelta Migliore?<\/h2>\t\t\t\t<\/div>\n\t\t\t\t<\/div>\n\t\t<div class=\"elementor-element elementor-element-a87d47e e-con-full e-flex e-con e-child\" data-id=\"a87d47e\" data-element_type=\"container\" data-e-type=\"container\">\n\t\t\t\t<div class=\"elementor-element elementor-element-f2c631f elementor-widget elementor-widget-text-editor\" data-id=\"f2c631f\" data-element_type=\"widget\" data-e-type=\"widget\" data-widget_type=\"text-editor.default\">\n\t\t\t\t\t\t\t\t\t<ul><li><b>Doppia Comprensione:<\/b> Offriamo contenuti che rispettano la tua fede e la tua cultura, preparando al contempo all&#8217;eccellenza nel contesto italiano.<\/li><li><b>Insegnanti Qualificati:<\/b> Docenti madrelingua e professionisti del settore, con esperienza nella didattica interculturale.<\/li><li><b>Flessibilit\u00e0 per la Famiglia:<\/b> Corsi online e on-demand che si adattano ai tuoi orari e agli impegni familiari.<\/li><li><b>Una Comunit\u00e0 che Sostiene:<\/b> Non sei solo. Entra in una rete di studenti, genitori e professionisti che condividono obiettivi e valori.<\/li><\/ul><p><b>Inizia oggi a costruire un futuro brillante in Italia, senza dimenticare da dove vieni.<\/b><\/p>\t\t\t\t\t\t\t\t<\/div>\n\t\t\t\t<\/div>\n\t\t\t\t\t<\/div>\n\t\t\t\t<\/div>\n\t\t\t\t<\/div>\n\t\t","protected":false},"excerpt":{"rendered":"<p>Suuk Academy Il tuo futuro comincia da qui! Benvenuti in Suuk Academy: Un Ponte tra Radici e Futuro in Italia Suuk Academy \u00e8 pi\u00f9 di una semplice piattaforma di apprendimento. \u00c8 un punto di riferimento formativo e culturale pensato specificamente per la comunit\u00e0 arabo\/musulmana residente in Italia, un luogo dove le nostre radici incontrano le [&hellip;]<\/p>\n","protected":false},"author":1,"featured_media":0,"parent":0,"menu_order":0,"comment_status":"closed","ping_status":"closed","template":"","meta":{"footnotes":""},"class_list":["post-329","page","type-page","status-publish","hentry"],"yoast_head":"<!-- This site is optimized with the Yoast SEO plugin v27.4 - https:\/\/yoast.com\/product\/yoast-seo-wordpress\/ -->\n<title>Suuk Academy - Suuk<\/title>\n<meta name=\"robots\" content=\"noindex, follow, max-snippet:-1, max-image-preview:large, max-video-preview:-1\" \/>\n<meta property=\"og:locale\" content=\"it_IT\" \/>\n<meta property=\"og:type\" content=\"article\" \/>\n<meta property=\"og:title\" content=\"Suuk Academy - Suuk\" \/>\n<meta property=\"og:description\" content=\"Suuk Academy Il tuo futuro comincia da qui! Benvenuti in Suuk Academy: Un Ponte tra Radici e Futuro in Italia Suuk Academy \u00e8 pi\u00f9 di una semplice piattaforma di apprendimento. \u00c8 un punto di riferimento formativo e culturale pensato specificamente per la comunit\u00e0 arabo\/musulmana residente in Italia, un luogo dove le nostre radici incontrano le [&hellip;]\" \/>\n<meta property=\"og:url\" content=\"https:\/\/spazioceramichesassuolo.it\/suuk\/corsi-guide-lezioni-islam\/\" \/>\n<meta property=\"og:site_name\" content=\"Suuk\" \/>\n<meta property=\"article:modified_time\" content=\"2025-10-15T11:34:50+00:00\" \/>\n<meta name=\"twitter:card\" content=\"summary_large_image\" \/>\n<meta name=\"twitter:label1\" content=\"Tempo di lettura stimato\" \/>\n\t<meta name=\"twitter:data1\" content=\"2 minuti\" \/>\n<script type=\"application\/ld+json\" class=\"yoast-schema-graph\">{\"@context\":\"https:\\\/\\\/schema.org\",\"@graph\":[{\"@type\":\"WebPage\",\"@id\":\"https:\\\/\\\/spazioceramichesassuolo.it\\\/suuk\\\/corsi-guide-lezioni-islam\\\/\",\"url\":\"https:\\\/\\\/spazioceramichesassuolo.it\\\/suuk\\\/corsi-guide-lezioni-islam\\\/\",\"name\":\"Suuk Academy - Suuk\",\"isPartOf\":{\"@id\":\"https:\\\/\\\/spazioceramichesassuolo.it\\\/suuk\\\/#website\"},\"datePublished\":\"2025-10-15T09:33:09+00:00\",\"dateModified\":\"2025-10-15T11:34:50+00:00\",\"breadcrumb\":{\"@id\":\"https:\\\/\\\/spazioceramichesassuolo.it\\\/suuk\\\/corsi-guide-lezioni-islam\\\/#breadcrumb\"},\"inLanguage\":\"it-IT\",\"potentialAction\":[{\"@type\":\"ReadAction\",\"target\":[\"https:\\\/\\\/spazioceramichesassuolo.it\\\/suuk\\\/corsi-guide-lezioni-islam\\\/\"]}]},{\"@type\":\"BreadcrumbList\",\"@id\":\"https:\\\/\\\/spazioceramichesassuolo.it\\\/suuk\\\/corsi-guide-lezioni-islam\\\/#breadcrumb\",\"itemListElement\":[{\"@type\":\"ListItem\",\"position\":1,\"name\":\"Home\",\"item\":\"https:\\\/\\\/spazioceramichesassuolo.it\\\/suuk\\\/\"},{\"@type\":\"ListItem\",\"position\":2,\"name\":\"Suuk Academy\"}]},{\"@type\":\"WebSite\",\"@id\":\"https:\\\/\\\/spazioceramichesassuolo.it\\\/suuk\\\/#website\",\"url\":\"https:\\\/\\\/spazioceramichesassuolo.it\\\/suuk\\\/\",\"name\":\"Suuk\",\"description\":\"La tua piazza del cuore\",\"potentialAction\":[{\"@type\":\"SearchAction\",\"target\":{\"@type\":\"EntryPoint\",\"urlTemplate\":\"https:\\\/\\\/spazioceramichesassuolo.it\\\/suuk\\\/?s={search_term_string}\"},\"query-input\":{\"@type\":\"PropertyValueSpecification\",\"valueRequired\":true,\"valueName\":\"search_term_string\"}}],\"inLanguage\":\"it-IT\"}]}<\/script>\n<!-- \/ Yoast SEO plugin. -->","yoast_head_json":{"title":"Suuk Academy - Suuk","robots":{"index":"noindex","follow":"follow","max-snippet":"max-snippet:-1","max-image-preview":"max-image-preview:large","max-video-preview":"max-video-preview:-1"},"og_locale":"it_IT","og_type":"article","og_title":"Suuk Academy - Suuk","og_description":"Suuk Academy Il tuo futuro comincia da qui! Benvenuti in Suuk Academy: Un Ponte tra Radici e Futuro in Italia Suuk Academy \u00e8 pi\u00f9 di una semplice piattaforma di apprendimento. \u00c8 un punto di riferimento formativo e culturale pensato specificamente per la comunit\u00e0 arabo\/musulmana residente in Italia, un luogo dove le nostre radici incontrano le [&hellip;]","og_url":"https:\/\/spazioceramichesassuolo.it\/suuk\/corsi-guide-lezioni-islam\/","og_site_name":"Suuk","article_modified_time":"2025-10-15T11:34:50+00:00","twitter_card":"summary_large_image","twitter_misc":{"Tempo di lettura stimato":"2 minuti"},"schema":{"@context":"https:\/\/schema.org","@graph":[{"@type":"WebPage","@id":"https:\/\/spazioceramichesassuolo.it\/suuk\/corsi-guide-lezioni-islam\/","url":"https:\/\/spazioceramichesassuolo.it\/suuk\/corsi-guide-lezioni-islam\/","name":"Suuk Academy - Suuk","isPartOf":{"@id":"https:\/\/spazioceramichesassuolo.it\/suuk\/#website"},"datePublished":"2025-10-15T09:33:09+00:00","dateModified":"2025-10-15T11:34:50+00:00","breadcrumb":{"@id":"https:\/\/spazioceramichesassuolo.it\/suuk\/corsi-guide-lezioni-islam\/#breadcrumb"},"inLanguage":"it-IT","potentialAction":[{"@type":"ReadAction","target":["https:\/\/spazioceramichesassuolo.it\/suuk\/corsi-guide-lezioni-islam\/"]}]},{"@type":"BreadcrumbList","@id":"https:\/\/spazioceramichesassuolo.it\/suuk\/corsi-guide-lezioni-islam\/#breadcrumb","itemListElement":[{"@type":"ListItem","position":1,"name":"Home","item":"https:\/\/spazioceramichesassuolo.it\/suuk\/"},{"@type":"ListItem","position":2,"name":"Suuk Academy"}]},{"@type":"WebSite","@id":"https:\/\/spazioceramichesassuolo.it\/suuk\/#website","url":"https:\/\/spazioceramichesassuolo.it\/suuk\/","name":"Suuk","description":"La tua piazza del cuore","potentialAction":[{"@type":"SearchAction","target":{"@type":"EntryPoint","urlTemplate":"https:\/\/spazioceramichesassuolo.it\/suuk\/?s={search_term_string}"},"query-input":{"@type":"PropertyValueSpecification","valueRequired":true,"valueName":"search_term_string"}}],"inLanguage":"it-IT"}]}},"_links":{"self":[{"href":"https:\/\/spazioceramichesassuolo.it\/suuk\/wp-json\/wp\/v2\/pages\/329","targetHints":{"allow":["GET"]}}],"collection":[{"href":"https:\/\/spazioceramichesassuolo.it\/suuk\/wp-json\/wp\/v2\/pages"}],"about":[{"href":"https:\/\/spazioceramichesassuolo.it\/suuk\/wp-json\/wp\/v2\/types\/page"}],"author":[{"embeddable":true,"href":"https:\/\/spazioceramichesassuolo.it\/suuk\/wp-json\/wp\/v2\/users\/1"}],"replies":[{"embeddable":true,"href":"https:\/\/spazioceramichesassuolo.it\/suuk\/wp-json\/wp\/v2\/comments?post=329"}],"version-history":[{"count":35,"href":"https:\/\/spazioceramichesassuolo.it\/suuk\/wp-json\/wp\/v2\/pages\/329\/revisions"}],"predecessor-version":[{"id":368,"href":"https:\/\/spazioceramichesassuolo.it\/suuk\/wp-json\/wp\/v2\/pages\/329\/revisions\/368"}],"wp:attachment":[{"href":"https:\/\/spazioceramichesassuolo.it\/suuk\/wp-json\/wp\/v2\/media?parent=329"}],"curies":[{"name":"wp","href":"https:\/\/api.w.org\/{rel}","templated":true}]}}